2 is divided by 86.
10
What is the remainder when 369 is divided by 133?
103
What is the remainder when 2440 is divided by 6?
4
Calculate the remainder when 3461 is divided by 21.
17
Calculate the remainder when 161 is divided by 118.
43
Calculate the remainder when 18 is divided by 13.
5
Calculate the remainder when 72 is divided by 25.
22
Calculate the remainder when 6045 is divided by 252.
249
What is the remainder when 709 is divided by 29?
13
What is the remainder when 405 is divided by 59?
51
Calculate the remainder when 659 is divided by 17.
13
Calculate the remainder when 28023 is divided by 98.
93
Calculate the remainder when 1267 is divided by 47.
45
What is the remainder when 101 is divided by 37?
27
What is the remainder when 500 is divided by 11?
5
Calculate the remainder when 592 is divided by 296.
0
Calculate the remainder when 208 is divided by 40.
8
What is the remainder when 254 is divided by 53?
42
Calculate the remainder when 249 is divided by 24.
9
What is the remainder when 1671 is divided by 62?
59
Calculate the remainder when 260 is divided by 138.
122
What is the remainder when 137 is divided by 29?
21
Calculate the remainder when 70 is divided by 33.
4
Calculate the remainder when 116 is divided by 57.
2
Calculate the remainder when 1006 is divided by 167.
4
Calculate the remainder when 60 is divided by 9.
6
Calculate the remainder when 580 is divided by 31.
22
Calculate the remainder when 262 is divided by 185.
77
What is the remainder when 141 is divided by 16?
13
Calculate the remainder when 565 is divided by 23.
13
Calculate the remainder when 267 is divided by 94.
79
What is the remainder when 8566 is divided by 2850?
16
Calculate the remainder when 133 is divided by 7.
0
Calculate the remainder when 3546 is divided by 41.
20
What is the remainder when 712 is divided by 15?
7
Calculate the remainder when 39 is divided by 5.
4
What is the remainder when 161 is divided by 87?
74
What is the remainder when 222 is divided by 70?
12
What is the remainder when 208 is divided by 69?
1
What is the remainder when 190 is divided by 34?
20
Calculate the remainder when 1942 is divided by 24.
22
What is the remainder when 568 is divided by 284?
0
Calculate the remainder when 110 is divided by 12.
2
Calculate the remainder when 16635 is divided by 10.
5
Calculate the remainder when 46 is divided by 8.
6
Calculate the remainder when 975 is divided by 228.
63
Calculate the remainder when 127 is divided by 64.
63
What is the remainder when 292 is divided by 49?
47
Calculate the remainder when 51 is divided by 14.
9
What is the remainder when 290 is divided by 11?
4
What is the remainder when 808 is divided by 100?
8
Calculate the remainder when 301 is divided by 65.
41
What is the remainder when 79 is divided by 40?
39
What is the remainder when 1025 is divided by 13?
11
What is the remainder when 38109 is divided by 74?
73
Calculate the remainder when 88 is divided by 40.
8
Calculate the remainder when 492 is divided by 43.
19
What is the remainder when 60 is divided by 50?
10
What is the remainder when 858 is divided by 10?
8
What is the remainder when 70 is divided by 67?
3
Calculate the remainder when 162 is divided by 60.
42
Calculate the remainder when 2766 is divided by 21.
15
What is the remainder when 158 is divided by 40?
38
What is the remainder when 2886 is divided by 9?
6
Calculate the remainder when 1329 is divided by 443.
0
What is the remainder when 615 is divided by 302?
11
Calculate the remainder when 229 is divided by 82.
65
Calculate the remainder when 3529 is divided by 11.
9
Calculate the remainder when 8418 is divided by 35.
18
Calculate the remainder when 2911 is divided by 91.
90
Calculate the remainder when 884 is divided by 5.
4
What is the remainder when 833 is divided by 206?
9
Calculate the remainder when 1047 is divided by 23.
12
Calculate the remainder when 478 is divided by 13.
10
Calculate the remainder when 195 is divided by 96.
3
What is the remainder when 33 is divided by 7?
5
Calculate the remainder when 743 is divided by 50.
43
Calculate the remainder when 1031 is divided by 45.
41
Calculate the remainder when 760 is divided by 25.
10
What is the remainder when 318 is divided by 41?
31
Calculate the remainder when 1732 is divided by 120.
52
Calculate the remainder when 20000 is divided by 113.
112
What is the remainder when 704 is divided by 135?
29
What is the remainder when 645 is divided by 161?
1
What is the remainder when 196 is divided by 31?
10
What is the remainder when 1977 is divided by 21?
3
Calculate the remainder when 344 is divided by 123.
98
What is the remainder when 1706 is divided by 90?
86
What is the remainder when 1557 is divided by 468?
153
What is the remainder when 644 is divided by 251?
142
What is the remainder when 1896 is divided by 477?
465
Calculate the remainder when 727 is divided by 12.
7
Calculate the remainder when 1275 is divided by 58.
57
What is the remainder when 270 is divided by 17?
15
What is the remainder when 479 is divided by 40?
39
Calculate the remainder when 1926 is divided by 277.
264
What is the remainder when 281 is divided by 44?
17
Calculate the remainder when 354 is divided by 49.
11
What is the remainder when 1459 is divided by 76?
15
What is the remainder when 22 is divided by 10?
2
What is the remainder when 16591 is divided by 18?
13
Calculate the remainder when 129 is divided by 78.
51
Calculate the remainder when 361 is divided by 75.
61
Calculate the remainder when 422 is divided by 236.
186
What is the remainder when 272 is divided by 82?
26
Calculate the remainder when 708 is divided by 36.
24
Calculate the remainder when 960 is divided by 468.
24
What is the remainder when 58 is divided by 31?
27
Calculate the remainder when 780 is divided by 49.
45
What is the remainder when 813 is divided by 11?
10
Calculate the remainder when 231 is divided by 228.
3
Calculate the remainder when 11015 is divided by 81.
80
What is the remainder when 1403 is divided by 37?
34
What is the remainder when 18561 is divided by 52?
49
Calculate the remainder when 2067 is divided by 43.
3
Calculate the remainder when 348 is divided by 13.
10
Calculate the remainder when 388 is divided by 39.
37
Calculate the remainder when 3994 is divided by 37.
35
Calculate the remainder when 222 is divided by 30.
12
Calculate the remainder when 16328 is divided by 115.
113
Calculate the remainder when 459 is divided by 42.
39
What is the remainder when 309 is divided by 78?
75
What is the remainder when 59 is divided by 4?
3
Calculate the remainder when 70 is divided by 64.
6
Calculate the remainder when 684 is divided by 680.
4
What is the remainder when 786 is divided by 19?
7
What is the remainder when 502 is divided by 287?
215
What is the remainder when 80 is divided by 40?
0
Calculate the remainder when 1557 is divided by 104.
101
What is the remainder when 84 is divided by 36?
12
What is the remainder when 154 is divided by 27?
19
Calculate the remainder when 886 is divided by 33.
28
Calculate the remainder when 163 is divided by 14.
9
What is the remainder when 939 is divided by 77?
15
Calculate the remainder when 1358 is divided by 151.
150
What is the remainder when 1507 is divided by 502?
1
What is the remainder when 1167 is divided by 22?
1
Calculate the remainder when 1379 is divided by 38.
11
Calculate the remainder when 647 is divided by 3.
2
What is the remainder when 1467 is divided by 46?
41
What is the remainder when 1210 is divided by 42?
34
Calculate the remainder when 191 is divided by 45.
11
What is the remainder when 20 is divided by 14?
6
Calculate the remainder when 127 is divided by 32.
31
Calculate the remainder when 517 is divided by 24.
13
What is the remainder when 370 is divided by 62?
60
What is the remainder when 4929 is divided by 12?
9
What is the remainder when 462 is divided by 15?
12
What is the remainder when 488 is divided by 14?
12
What is the remainder when 924 is divided by 156?
144
Calculate the remainder when 3995 is divided by 108.
107
What is the remainder when 719 is divided by 36?
35
What is the remainder when 153 is divided by 52?
49
What is the remainder when 157 is divided by 32?
29
Calculate the remainder wh